{"id":153,"date":"2013-01-12T16:45:07","date_gmt":"2013-01-12T15:45:07","guid":{"rendered":"http:\/\/wp.barriodemovera.es\/?page_id=153"},"modified":"2023-06-02T08:22:59","modified_gmt":"2023-06-02T06:22:59","slug":"origen","status":"publish","type":"page","link":"http:\/\/www.barriodemovera.es\/?page_id=153","title":{"rendered":"Origen"},"content":{"rendered":"<p style=\"text-align: justify;\">Bas\u00e1ndonos en el magn\u00edfico trabajo de investigaci\u00f3n realizado por el padre Pascual Galindo Romeo podemos afirmar\u00a0que la primera referencia hist\u00f3rica sobre la existencia de una iglesia en el t\u00e9rmino de Movera la encontramos en el a\u00f1o 1217 con una iglesia dedicada a San Pedro y que, muy probablemente, podr\u00edamos situar su emplazamiento en lo que hoy se conoce como Torre del Castillo.<\/p>\n<p style=\"text-align: justify;\">Posteriormente, en documentos que detallan la relaci\u00f3n de rentas de la di\u00f3cesis y datados en la segunda mitad del siglo XIV, se cita, adem\u00e1s de la de San Pedro, una iglesia m\u00e1s, ubicada en\u00a0 Siest (hoy el Lugarico de Cerd\u00e1n).<\/p>\n<p style=\"text-align: justify;\">Junto a estas iglesias, existen otros lugares de culto ubicados en las diferentes torres agr\u00edcolas propiedad del clero y de particulares y que como podremos ver en otros apartados ser\u00edan la causa de la ruina econ\u00f3mica de la parroquia y, como consecuencia de esta falta de recursos, de la ruina f\u00edsica y total deterioro de la Iglesia parroquial.<\/p>\n<p style=\"text-align: justify;\">Con posterioridad encontramos documentos que citan a presb\u00edteros a cargo de la parroquia y a la iglesia que regentan, sin especificar su ubicaci\u00f3n geogr\u00e1fica, pero que dejan constancia clara de su existencia.<\/p>\n<p style=\"text-align: justify;\">En un pleito de 1.575 entre Joan y Phelippa Agost\u00edn por una parte y de otra, Manuel de Sess\u00e9 y Beatriz de Herrera, propietarios del Lugar de Siest (Lugarico de Cerd\u00e1n), se cita a Mos\u00e9n Pedro Aybar, vicario de la iglesia de Movera, quien testifica a favor de los primeros, propietarios de una torre pr\u00f3xima a la Iglesia y a los que se les impide el paso por el puente sobre la acequia de Urd\u00e1n para poder acceder a la Iglesia a o\u00edr misa y recibir los sacramentos. A este puente se le conoc\u00eda con el nombre de puente \u201cde los muertos\u201d.<\/p>\n<p style=\"text-align: justify;\"><img loading=\"lazy\" decoding=\"async\" class=\"alignnone size-full wp-image-296\" title=\"\" src=\"http:\/\/www.barriodemovera.es\/wp-content\/uploads\/2013\/01\/Sin-t\u00edtulo-17.jpg\" alt=\"Sin t\u00edtulo-1\" width=\"719\" height=\"101\" srcset=\"http:\/\/www.barriodemovera.es\/wp-content\/uploads\/2013\/01\/Sin-t\u00edtulo-17.jpg 1198w, http:\/\/www.barriodemovera.es\/wp-content\/uploads\/2013\/01\/Sin-t\u00edtulo-17-300x42.jpg 300w, http:\/\/www.barriodemovera.es\/wp-content\/uploads\/2013\/01\/Sin-t\u00edtulo-17-1024x144.jpg 1024w\" sizes=\"auto, (max-width: 719px) 100vw, 719px\" \/><\/p>\n<p style=\"text-align: justify;\">En 1.689 es el presb\u00edtero Manuel Becas quien reclama por v\u00eda judicial a don Blas de Sess\u00e9, se\u00f1or del Lugarico de Cerd\u00e1n, el pago del diezmo que le corresponde.<\/p>\n<p><a href=\"http:\/\/www.barriodemovera.es\/?attachment_id=3852\" rel=\"attachment wp-att-3852\"><img loading=\"lazy\" decoding=\"async\" class=\"alignnone size-full wp-image-3852\" src=\"http:\/\/www.barriodemovera.es\/wp-content\/uploads\/2023\/06\/1689_Manuel-Becas.jpg\" alt=\"\" width=\"825\" height=\"241\" srcset=\"http:\/\/www.barriodemovera.es\/wp-content\/uploads\/2023\/06\/1689_Manuel-Becas.jpg 825w, http:\/\/www.barriodemovera.es\/wp-content\/uploads\/2023\/06\/1689_Manuel-Becas-300x88.jpg 300w, http:\/\/www.barriodemovera.es\/wp-content\/uploads\/2023\/06\/1689_Manuel-Becas-768x224.jpg 768w\" sizes=\"auto, (max-width: 825px) 100vw, 825px\" \/><\/a><\/p>\n<p style=\"text-align: justify;\">En 1.772 es el propio Arzobispo S\u00e1enz de Buruaga quien insta a las autoridades para que hagan cumplir los derechos de primicias inherentes a la parroquia y certifica el estado tan lamentable en que se encontraba la iglesia parroquial, indicando que se halla <i>indecente, sin ornamentos y sin residencia para el rector<\/i>. En el documento se hace referencia a que los monjes Jer\u00f3nimos de Santa Engracia hab\u00edan demolido dos casas que estaban contiguas a la iglesia, dejando al rector sin vivienda.<\/p>\n","protected":false},"excerpt":{"rendered":"<p>Bas\u00e1ndonos en el magn\u00edfico trabajo de investigaci\u00f3n realizado por el padre Pascual Galindo Romeo podemos afirmar\u00a0que la primera referencia hist\u00f3rica sobre la existencia de una iglesia en el t\u00e9rmino de Movera la encontramos en el a\u00f1o 1217 con una iglesia &hellip; <a href=\"http:\/\/www.barriodemovera.es\/?page_id=153\">Sigue leyendo <span class=\"meta-nav\">&rarr;<\/span><\/a><\/p>\n","protected":false},"author":1,"featured_media":0,"parent":0,"menu_order":0,"comment_status":"closed","ping_status":"closed","template":"onecolumn-page.php","meta":{"_monsterinsights_skip_tracking":false,"_monsterinsights_sitenote_active":false,"_monsterinsights_sitenote_note":"","_monsterinsights_sitenote_category":0,"footnotes":""},"class_list":["post-153","page","type-page","status-publish","hentry"],"aioseo_notices":[],"_links":{"self":[{"href":"http:\/\/www.barriodemovera.es\/index.php?rest_route=\/wp\/v2\/pages\/153","targetHints":{"allow":["GET"]}}],"collection":[{"href":"http:\/\/www.barriodemovera.es\/index.php?rest_route=\/wp\/v2\/pages"}],"about":[{"href":"http:\/\/www.barriodemovera.es\/index.php?rest_route=\/wp\/v2\/types\/page"}],"author":[{"embeddable":true,"href":"http:\/\/www.barriodemovera.es\/index.php?rest_route=\/wp\/v2\/users\/1"}],"replies":[{"embeddable":true,"href":"http:\/\/www.barriodemovera.es\/index.php?rest_route=%2Fwp%2Fv2%2Fcomments&post=153"}],"version-history":[{"count":12,"href":"http:\/\/www.barriodemovera.es\/index.php?rest_route=\/wp\/v2\/pages\/153\/revisions"}],"predecessor-version":[{"id":3854,"href":"http:\/\/www.barriodemovera.es\/index.php?rest_route=\/wp\/v2\/pages\/153\/revisions\/3854"}],"wp:attachment":[{"href":"http:\/\/www.barriodemovera.es\/index.php?rest_route=%2Fwp%2Fv2%2Fmedia&parent=153"}],"curies":[{"name":"wp","href":"https:\/\/api.w.org\/{rel}","templated":true}]}}