{"id":159,"date":"2013-01-12T16:46:02","date_gmt":"2013-01-12T15:46:02","guid":{"rendered":"http:\/\/wp.barriodemovera.es\/?page_id=159"},"modified":"2023-06-02T16:30:57","modified_gmt":"2023-06-02T14:30:57","slug":"antigua-iglesia","status":"publish","type":"page","link":"http:\/\/www.barriodemovera.es\/?page_id=159","title":{"rendered":"Antigua Iglesia"},"content":{"rendered":"<p style=\"text-align: justify;\">Dise\u00f1ada por el aragon\u00e9s Fray Vicente Bar\u00e1n, monje Jer\u00f3nimo, arquitecto muy acreditado y conocido, autor de la Iglesia alta del Real Monasterio de Santa Engracia.<\/p>\n<p style=\"text-align: justify;\">En 1.774 promueve su construcci\u00f3n el arzobispo de Zaragoza D. Juan S\u00e1enz de Buruaga y concede cien d\u00edas de indulgencia a quien orase ante Santa Mar\u00eda de Movera.<\/p>\n<p style=\"text-align: justify;\"><img loading=\"lazy\" decoding=\"async\" class=\"size-full wp-image-302 alignleft\" style=\"width: 338px; height: 301px;\" title=\"\" src=\"http:\/\/www.barriodemovera.es\/wp-content\/uploads\/2013\/01\/Sin-t\u00edtulo-71.jpg\" alt=\"Sin t\u00edtulo-7\" width=\"368\" height=\"302\" srcset=\"http:\/\/www.barriodemovera.es\/wp-content\/uploads\/2013\/01\/Sin-t\u00edtulo-71.jpg 877w, http:\/\/www.barriodemovera.es\/wp-content\/uploads\/2013\/01\/Sin-t\u00edtulo-71-300x245.jpg 300w\" sizes=\"auto, (max-width: 368px) 100vw, 368px\" \/>De modestas proporciones y construida en ladrillo visto al exterior, presenta excelente traza de planta central, circular, prolongada por los tramos rectangulares del ingreso (con coro alto) y del presbiterio. Se cubre con c\u00fapula el espacio central y con sendos tramos de ca\u00f1\u00f3n con lunetos el ingreso y el presbiterio. La decoraci\u00f3n interior es a base de pilastras con capitel que sostienen un entablamento corrido. Conserva los retablos originales. El conjunto es de gran belleza.<\/p>\n<p style=\"text-align: justify;\">El exterior es mucho m\u00e1s sobrio, destacando la portada que ocupa la fachada de los pies del templo. El ingreso se realiza a trav\u00e9s de una puerta coronada por front\u00f3n partido que aloja el escudo archiepiscopal, sobre este vano oval, con enmarque coronado por front\u00f3n y todo ello flanqueado por pilastras toscanas rematadas por front\u00f3n triangular.<\/p>\n<p style=\"text-align: justify;\">Anejo al templo se sit\u00faa la casa parroquial, con vanos en arco campanel, en la parte baja y en la superior, ventanales con dintel, con muro de descarga y claves cosidas (siglo XVII), anterior al templo, pero reformado en el siglo XVIII (restos de alero en caveto).<\/p>\n<p style=\"text-align: justify;\">La iglesia es un edificio que se sit\u00faa dentro del barroco-clasicista tard\u00edo, o neoclasismo, de gran inter\u00e9s, situable dentro de la arquitectura de la escuela local de Ventura Rodr\u00edguez y Juli\u00e1n Yarza.<\/p>\n<p style=\"text-align: justify;\">Sobre la puerta se sit\u00faa la inscripci\u00f3n fundacional:<\/p>\n<p style=\"text-align: center;\"><a href=\"http:\/\/www.barriodemovera.es\/?attachment_id=303\" rel=\"attachment wp-att-303\"><img loading=\"lazy\" decoding=\"async\" class=\"alignnone size-full wp-image-303\" src=\"http:\/\/www.barriodemovera.es\/wp-content\/uploads\/2013\/01\/Sin-t\u00edtulo-81.jpg\" alt=\"\" width=\"3798\" height=\"852\" srcset=\"http:\/\/www.barriodemovera.es\/wp-content\/uploads\/2013\/01\/Sin-t\u00edtulo-81.jpg 3798w, http:\/\/www.barriodemovera.es\/wp-content\/uploads\/2013\/01\/Sin-t\u00edtulo-81-300x67.jpg 300w, http:\/\/www.barriodemovera.es\/wp-content\/uploads\/2013\/01\/Sin-t\u00edtulo-81-1024x229.jpg 1024w\" sizes=\"auto, (max-width: 3798px) 100vw, 3798px\" \/><\/a><\/p>\n<p style=\"text-align: justify;\">IL MUS DD JOANNES SAENZ ABURUAGA ARCHIEPISCOPUS CAESARAUGUSTHA SA FUNDAMENTO EREXIT SACRAS AEDESET BEATA MARIAE NUNCUPATA DE MOVERA DICAVIT. ANNO M.DCC.LXXIV<\/p>\n<p style=\"text-align: justify;\">Traducci\u00f3n: <i>El Ilustr\u00edsimo Se\u00f1or D. Juan S\u00e1enz Buruaga, Arzobispo de Zaragoza construy\u00f3 desde los cimientos el sagrado templo y lo dedic\u00f3 a la Bienaventurada Mar\u00eda llamada de Movera<\/i>. A\u00f1o 1.774.<\/p>\n<p>Descripci\u00f3n de su interior realizada en 1923, Centenario de la fundaci\u00f3n de la Cofrad\u00eda de Nuestra Se\u00f1ora del Rosario:<\/p>\n<p><i>El altar mayor, dorado a fuego como los dos laterales, es muy rico, y ostenta en una amplia hornacina central y \u00fanica, la imagen de la titular, de origen y construcci\u00f3n muy antigua. En la parte superior, un bajorrelieve pol\u00edcromo de San Juan Bautista, remata el retablo las armas episcopales del Arzobispo D. Juan.<\/i><\/p>\n<p style=\"text-align: center;\"><a href=\"http:\/\/www.barriodemovera.es\/?attachment_id=299\" rel=\"attachment wp-att-299\"><img loading=\"lazy\" decoding=\"async\" class=\"alignnone size-full wp-image-299\" src=\"http:\/\/www.barriodemovera.es\/wp-content\/uploads\/2013\/01\/Sin-t\u00edtulo-41.jpg\" alt=\"\" width=\"278\" height=\"306\" srcset=\"http:\/\/www.barriodemovera.es\/wp-content\/uploads\/2013\/01\/Sin-t\u00edtulo-41.jpg 278w, http:\/\/www.barriodemovera.es\/wp-content\/uploads\/2013\/01\/Sin-t\u00edtulo-41-272x300.jpg 272w\" sizes=\"auto, (max-width: 278px) 100vw, 278px\" \/><\/a><\/p>\n<p style=\"text-align: justify;\"><i>Los dos altares laterales son igualmente ricos, dorados tambi\u00e9n y muy elegantes; el de al lado de la Ep\u00edstola est\u00e1 dedicado a Se\u00f1or Crucificado, presidi\u00e9ndolo una imagen de talla, de grandes dimensiones. Tiene en el remate los atributos de la Pasi\u00f3n.<\/i><\/p>\n<p style=\"text-align: justify;\"><i>Al lado del Evangelio se encuentra el altar de Nuestra Se\u00f1ora del Rosario, que parece haber estado dedicado al Ap\u00f3stol San Pedro, por los atributos que ostenta y que seg\u00fan algunas noticias muy vagas, al fundarse la Cofrad\u00eda, hace cien a\u00f1os, se encontraba sin la imagen titular, y en su lugar se puso la imagen de Nuestra Se\u00f1ora del Rosario, titular de la Cofrad\u00eda, que es la que hoy se venera en \u00e9l. Los dos altares son id\u00e9nticos, por cuya raz\u00f3n s\u00f3lo publicamos el retrato de uno.<\/i><\/p>\n<p style=\"text-align: justify;\"><i>En los \u00faltimos cien a\u00f1os se han hecho importantes mejoras en la iglesia, tales como el decorado de sus muros en papel terciopelo y oro, que da la sensaci\u00f3n de una riqueza severa, y en el entarimado de la iglesia, que se llev\u00f3 a cabo el a\u00f1o 1.889 por el p\u00e1rroco don Sebasti\u00e1n River\u00e9s. Este mismo fundi\u00f3 la campana grande en 1.897.<\/i><\/p>\n<p style=\"text-align: justify;\"><i>Uno de los p\u00e1rrocos que en el transcurso de esta centuria pasada han contribuido m\u00e1s a mejorar materialmente esta parroquia\u00a0 fue el doctor don Francisco Aznar y Pueyo, que fue despu\u00e9s Obispo de Tortosa y estuvo en Movera desde 1.846 a 1.851. Este cura celoso, primero restaur\u00f3 la casa parroquial, que amenazaba ruina, a sus expensas, y provey\u00f3 a la iglesia de multitud de cosas que hac\u00edan falta. Organiz\u00f3 el culto y dejo buena huella de su paso por esta iglesia. Despu\u00e9s, siendo Obispo, vino a Movera el 19 de Abril de 1.880, acompa\u00f1ado de dos exp\u00e1rrocos de Movera, el can\u00f3nigo don Antonio Silva y don Marcelino Bendicho, familias de su Eminencia el Cardenal Benavides, y muchos sacerdotes y seglares. <\/i><\/p>\n<p style=\"text-align: justify;\"><i>En tiempos m\u00e1s recientes se han hecho no pocas mejoras tambi\u00e9n, dotando a la iglesia de objetos de no poco valor.<\/i><\/p>\n<p style=\"text-align: justify;\"><i>La imagen del Sagrado Coraz\u00f3n de Jes\u00fas, que costearon distinguidas personas afectas a Movera, as\u00ed como la de la Virgen Dolorosa, cuyos vestidos y manto de terciopelo negro bordado en oro, muy ricos, regalaron las ni\u00f1as Pilar y Antonia Carceller Balios, en Abril de 1.911; la de San Jos\u00e9, muy hermosa, regalo de la se\u00f1orita Josefina Aragu\u00e9s; la de San Antonio de Padua, regalada por la malograda se\u00f1ora do\u00f1a Felisa Soto, de Madrid, y tan amante de Movera.<\/i><\/p>\n<p style=\"text-align: justify;\"><i>El Monumento nos trae a la memoria a aquella inolvidable Serafina de Alcaraz, primera y ejemplar Mar\u00eda activa de nuestro Sagrario, que trabaj\u00f3 con tanto fervor e ilusi\u00f3n porque se hiciera y se estrenar\u00e1 la Semana Santa de 1.917. El a\u00f1o siguiente se estren\u00f3 el cop\u00f3n de plata dorada que se adquiri\u00f3 tambi\u00e9n por suscripci\u00f3n. El mismo a\u00f1o se hizo el terno blanco, y al a\u00f1o siguiente el negro, regalo en su mayor parte de la se\u00f1ora do\u00f1a Ignacia Bosqued, Mar\u00eda del Sagrario de Movera, que complet\u00f3 el obsequio con un hermoso y rico pa\u00f1o de hombros, de raso blanco, bordado en oro, y que se estreno por las fiestas de Navidad.<\/i><\/p>\n<p style=\"text-align: justify;\"><i>El a\u00f1o 1.919 se hicieron tambi\u00e9n por suscripci\u00f3n los bancos de la iglesia, c\u00f3modos, con sus reclinatorios, y la Cofrad\u00eda coste\u00f3 el esca\u00f1o del presb\u00edtero para el terno, y tres bancos para los cofrades.<\/i><\/p>\n<p style=\"text-align: justify;\"><i>El mismo a\u00f1o, y por el mismo procedimiento, se adquiri\u00f3 el armonio, muy bueno, con transpositor y cinco registros; y al siguiente se reform\u00f3 totalmente la sacrist\u00eda, construyendo tres calajer\u00edas completas con otros tres armarios, para poder guardar convenientemente ornamentos y alhajas. Coste\u00f3 las obras todas de carpinter\u00eda el se\u00f1or don Tom\u00e1s Santos de Lamadrid, de Barcelona, muy devoto de Movera.<\/i><\/p>\n<p style=\"text-align: justify;\"><i>El a\u00f1o pasado (1.922), a\u00fan est\u00e1 en la memoria de todos, la solemne fiesta en que se inaugur\u00f3 la preciosa Custodia, que se adquiri\u00f3 por suscripci\u00f3n.<\/i><\/p>\n<p style=\"text-align: justify;\">En el a\u00f1o 1.923, y con ocasi\u00f3n de la celebraci\u00f3n del Centenario, se producen muchos regalos a la iglesia: coronas con su aureola para la Virgen de Movera y el Ni\u00f1o, que se costearon con los donativos recibidos; dos candelabros de bronce, de cinco luces cada uno, regalo de una persona piadosa, por mano de do\u00f1a Manuela Sancho, viuda de Pobes. Un carill\u00f3n de bronce y tumbres de acero, muy armonioso, regalo de don Mariano Us\u00f3n. Un rico y elegante mantel de hilo y encajes, de las Hermanas de la Esperanza, de Bilbao. Un mantel bordado para el altarcito de San Antonio, regalo de las se\u00f1oritas de Soto, de Madrid. Un corporal de la se\u00f1orita Amalia Gim\u00e9nez Gran, de Zaragoza. 5 pesetas de don Antonio Casa\u00f1a.<\/p>\n<p style=\"text-align: justify;\">Con fecha 30 de Septiembre de 1.998 se aprueba por el Instituto del Suelo y la Vivienda de Arag\u00f3n, dependiente de la Diputaci\u00f3n General de Arag\u00f3n, un presupuesto de restauraci\u00f3n de la primitiva iglesia parroquial de Movera por un importe de 59.095.216 pesetas y se establece un plazo de ejecuci\u00f3n de 24 meses.<\/p>\n<p style=\"text-align: center;\"><a href=\"http:\/\/www.barriodemovera.es\/?attachment_id=305\" rel=\"attachment wp-att-305\"><img loading=\"lazy\" decoding=\"async\" class=\"size-full wp-image-305 aligncenter\" src=\"http:\/\/www.barriodemovera.es\/wp-content\/uploads\/2013\/01\/Sin-t\u00edtulo-101.jpg\" alt=\"\" width=\"804\" height=\"569\" srcset=\"http:\/\/www.barriodemovera.es\/wp-content\/uploads\/2013\/01\/Sin-t\u00edtulo-101.jpg 804w, http:\/\/www.barriodemovera.es\/wp-content\/uploads\/2013\/01\/Sin-t\u00edtulo-101-300x212.jpg 300w\" sizes=\"auto, (max-width: 804px) 100vw, 804px\" \/><\/a><\/p>\n<p style=\"text-align: justify;\">Planos realizados por Fernando Izurquiza Rueda, arquitecto que realiz\u00f3 la restauraci\u00f3n de la iglesia.<\/p>\n<p style=\"text-align: justify;\"><img loading=\"lazy\" decoding=\"async\" class=\"size-full wp-image-307 alignright\" style=\"width: 253px; height: 333px;\" title=\"\" src=\"http:\/\/www.barriodemovera.es\/wp-content\/uploads\/2013\/01\/Sin-t\u00edtulo-121.jpg\" alt=\"Sin t\u00edtulo-12\" width=\"460\" height=\"593\" srcset=\"http:\/\/www.barriodemovera.es\/wp-content\/uploads\/2013\/01\/Sin-t\u00edtulo-121.jpg 460w, http:\/\/www.barriodemovera.es\/wp-content\/uploads\/2013\/01\/Sin-t\u00edtulo-121-232x300.jpg 232w\" sizes=\"auto, (max-width: 460px) 100vw, 460px\" \/><\/p>\n<p><img loading=\"lazy\" decoding=\"async\" class=\"size-full wp-image-306 alignleft\" style=\"width: 321px; height: 297px;\" title=\"\" src=\"http:\/\/www.barriodemovera.es\/wp-content\/uploads\/2013\/01\/Sin-t\u00edtulo-111.jpg\" alt=\"Sin t\u00edtulo-11\" width=\"436\" height=\"299\" srcset=\"http:\/\/www.barriodemovera.es\/wp-content\/uploads\/2013\/01\/Sin-t\u00edtulo-111.jpg 436w, http:\/\/www.barriodemovera.es\/wp-content\/uploads\/2013\/01\/Sin-t\u00edtulo-111-300x205.jpg 300w\" sizes=\"auto, (max-width: 436px) 100vw, 436px\" \/><\/p>\n<p>&nbsp;<\/p>\n<p>&nbsp;<\/p>\n<p>&nbsp;<\/p>\n<p>&nbsp;<\/p>\n<p>&nbsp;<\/p>\n<p>&nbsp;<\/p>\n<p>&nbsp;<\/p>\n<p>&nbsp;<\/p>\n<p style=\"text-align: justify;\">Antes y despu\u00e9s de la restauraci\u00f3n 1.998<\/p>\n<p style=\"text-align: justify;\">Si tenemos en cuenta que el estado de la iglesia en 1.998 era de completa precariedad, el presupuesto result\u00f3 insuficiente para completar todo el proyecto y no se acometieron algunas reformas que de forma lenta, pero precisa, se van realizando en la actualidad.<\/p>\n","protected":false},"excerpt":{"rendered":"<p>Dise\u00f1ada por el aragon\u00e9s Fray Vicente Bar\u00e1n, monje Jer\u00f3nimo, arquitecto muy acreditado y conocido, autor de la Iglesia alta del Real Monasterio de Santa Engracia. En 1.774 promueve su construcci\u00f3n el arzobispo de Zaragoza D. Juan S\u00e1enz de Buruaga y &hellip; <a href=\"http:\/\/www.barriodemovera.es\/?page_id=159\">Sigue leyendo <span class=\"meta-nav\">&rarr;<\/span><\/a><\/p>\n","protected":false},"author":1,"featured_media":0,"parent":0,"menu_order":0,"comment_status":"closed","ping_status":"closed","template":"onecolumn-page.php","meta":{"_monsterinsights_skip_tracking":false,"_monsterinsights_sitenote_active":false,"_monsterinsights_sitenote_note":"","_monsterinsights_sitenote_category":0,"footnotes":""},"class_list":["post-159","page","type-page","status-publish","hentry"],"aioseo_notices":[],"_links":{"self":[{"href":"http:\/\/www.barriodemovera.es\/index.php?rest_route=\/wp\/v2\/pages\/159","targetHints":{"allow":["GET"]}}],"collection":[{"href":"http:\/\/www.barriodemovera.es\/index.php?rest_route=\/wp\/v2\/pages"}],"about":[{"href":"http:\/\/www.barriodemovera.es\/index.php?rest_route=\/wp\/v2\/types\/page"}],"author":[{"embeddable":true,"href":"http:\/\/www.barriodemovera.es\/index.php?rest_route=\/wp\/v2\/users\/1"}],"replies":[{"embeddable":true,"href":"http:\/\/www.barriodemovera.es\/index.php?rest_route=%2Fwp%2Fv2%2Fcomments&post=159"}],"version-history":[{"count":17,"href":"http:\/\/www.barriodemovera.es\/index.php?rest_route=\/wp\/v2\/pages\/159\/revisions"}],"predecessor-version":[{"id":3869,"href":"http:\/\/www.barriodemovera.es\/index.php?rest_route=\/wp\/v2\/pages\/159\/revisions\/3869"}],"wp:attachment":[{"href":"http:\/\/www.barriodemovera.es\/index.php?rest_route=%2Fwp%2Fv2%2Fmedia&parent=159"}],"curies":[{"name":"wp","href":"https:\/\/api.w.org\/{rel}","templated":true}]}}