{"id":3480,"date":"2015-09-13T16:56:45","date_gmt":"2015-09-13T14:56:45","guid":{"rendered":"http:\/\/www.barriodemovera.es\/?page_id=3480"},"modified":"2015-09-27T17:59:36","modified_gmt":"2015-09-27T15:59:36","slug":"fiestas-2015","status":"publish","type":"page","link":"http:\/\/www.barriodemovera.es\/?page_id=3480","title":{"rendered":"Fiestas &#8211; 2015"},"content":{"rendered":"<p>Septiembre &#8211; 2.015<\/p>\n<p>Reinas: Amaia Gaudes Clavijo, Aroa Jim\u00e9nez Borra, Inmaculada Blasco Vergara, Jessica Rodrigo Bolsa y Laura Aznar Sancho.<br \/>\nInfantiles: Andrea Cosgaya P\u00e9rez, Andrea Moral Casorr\u00e1n, Irene Navarro Lavega, Laura Candial Calvano y Mar\u00eda Palomino Godes.<\/p>\n<p>Comisi\u00f3n:\u00a0Quintos: Laura Chaure Ferrer, Julia Larrosa Ferrer, Juan Chaure Mart\u00ednez, Javier Trinch\u00e1n Pardos y Alba Ferreruela Letosa. AMF.<\/p>\n<p><img loading=\"lazy\" decoding=\"async\" class=\"aligncenter wp-image-3485\" src=\"http:\/\/www.barriodemovera.es\/wp-content\/uploads\/2015\/09\/2015_01_Portada-211x300.jpg\" alt=\"2015_01_Portada\" width=\"450\" height=\"637\" srcset=\"http:\/\/www.barriodemovera.es\/wp-content\/uploads\/2015\/09\/2015_01_Portada-211x300.jpg 211w, http:\/\/www.barriodemovera.es\/wp-content\/uploads\/2015\/09\/2015_01_Portada-723x1024.jpg 723w, http:\/\/www.barriodemovera.es\/wp-content\/uploads\/2015\/09\/2015_01_Portada.jpg 750w\" sizes=\"auto, (max-width: 450px) 100vw, 450px\" \/><\/p>\n<p><img loading=\"lazy\" decoding=\"async\" class=\"aligncenter wp-image-3486 size-large\" src=\"http:\/\/www.barriodemovera.es\/wp-content\/uploads\/2015\/09\/2015_01_Reinas-632x1024.jpg\" alt=\"2015_01_Reinas\" width=\"632\" height=\"1024\" srcset=\"http:\/\/www.barriodemovera.es\/wp-content\/uploads\/2015\/09\/2015_01_Reinas-632x1024.jpg 632w, http:\/\/www.barriodemovera.es\/wp-content\/uploads\/2015\/09\/2015_01_Reinas-185x300.jpg 185w, http:\/\/www.barriodemovera.es\/wp-content\/uploads\/2015\/09\/2015_01_Reinas.jpg 750w\" sizes=\"auto, (max-width: 632px) 100vw, 632px\" \/><\/p>\n<p>&nbsp;<\/p>\n<p><img loading=\"lazy\" decoding=\"async\" class=\"aligncenter wp-image-3487 size-large\" src=\"http:\/\/www.barriodemovera.es\/wp-content\/uploads\/2015\/09\/2015_01_Reinas-Infantiles-541x1024.jpg\" alt=\"2015_01_Reinas Infantiles\" width=\"541\" height=\"1024\" srcset=\"http:\/\/www.barriodemovera.es\/wp-content\/uploads\/2015\/09\/2015_01_Reinas-Infantiles-541x1024.jpg 541w, http:\/\/www.barriodemovera.es\/wp-content\/uploads\/2015\/09\/2015_01_Reinas-Infantiles-158x300.jpg 158w, http:\/\/www.barriodemovera.es\/wp-content\/uploads\/2015\/09\/2015_01_Reinas-Infantiles.jpg 750w\" sizes=\"auto, (max-width: 541px) 100vw, 541px\" \/><\/p>\n<p>&nbsp;<\/p>\n","protected":false},"excerpt":{"rendered":"<p>Septiembre &#8211; 2.015 Reinas: Amaia Gaudes Clavijo, Aroa Jim\u00e9nez Borra, Inmaculada Blasco Vergara, Jessica Rodrigo Bolsa y Laura Aznar Sancho. Infantiles: Andrea Cosgaya P\u00e9rez, Andrea Moral Casorr\u00e1n, Irene Navarro Lavega, Laura Candial Calvano y Mar\u00eda Palomino Godes. Comisi\u00f3n:\u00a0Quintos: Laura Chaure &hellip; <a href=\"http:\/\/www.barriodemovera.es\/?page_id=3480\">Sigue leyendo <span class=\"meta-nav\">&rarr;<\/span><\/a><\/p>\n","protected":false},"author":1,"featured_media":0,"parent":0,"menu_order":0,"comment_status":"closed","ping_status":"closed","template":"onecolumn-page.php","meta":{"_monsterinsights_skip_tracking":false,"_monsterinsights_sitenote_active":false,"_monsterinsights_sitenote_note":"","_monsterinsights_sitenote_category":0,"footnotes":""},"class_list":["post-3480","page","type-page","status-publish","hentry"],"aioseo_notices":[],"_links":{"self":[{"href":"http:\/\/www.barriodemovera.es\/index.php?rest_route=\/wp\/v2\/pages\/3480","targetHints":{"allow":["GET"]}}],"collection":[{"href":"http:\/\/www.barriodemovera.es\/index.php?rest_route=\/wp\/v2\/pages"}],"about":[{"href":"http:\/\/www.barriodemovera.es\/index.php?rest_route=\/wp\/v2\/types\/page"}],"author":[{"embeddable":true,"href":"http:\/\/www.barriodemovera.es\/index.php?rest_route=\/wp\/v2\/users\/1"}],"replies":[{"embeddable":true,"href":"http:\/\/www.barriodemovera.es\/index.php?rest_route=%2Fwp%2Fv2%2Fcomments&post=3480"}],"version-history":[{"count":5,"href":"http:\/\/www.barriodemovera.es\/index.php?rest_route=\/wp\/v2\/pages\/3480\/revisions"}],"predecessor-version":[{"id":3489,"href":"http:\/\/www.barriodemovera.es\/index.php?rest_route=\/wp\/v2\/pages\/3480\/revisions\/3489"}],"wp:attachment":[{"href":"http:\/\/www.barriodemovera.es\/index.php?rest_route=%2Fwp%2Fv2%2Fmedia&parent=3480"}],"curies":[{"name":"wp","href":"https:\/\/api.w.org\/{rel}","templated":true}]}}